Let i be d(-7). Calculate c(i).
3
Let q(s) = s**2 + 6*s + 4. Let p be q(-6). Let w(g) = -g**3 + 4*g**2 + 6*g - 2. Give w(p).
22
Let p be (-13)/3 + 4/(-6). Let a(r) = 5 - 4*r**3 + 5*r**3 - r - 4. Let c(m) = 5*m**3 - 6*m**2 - 11*m + 9. Let j(t) = 6*a(t) - c(t). Determine j(p).
-3
Let k(d) = -d**3 + 5*d**2 - 4*d - 2. Let i be -5*(-3)/(-15)*-3. Suppose -i + 9 = r. Suppose o + 0*m + 5*m = -6, m = o - r. What is k(o)?
-2
Let v(x) = -x - 4. Let n(g) = g + 5. Suppose 2*h - 16 = -4*b - 2, h + 5*b - 10 = 0. Let i(j) = h*n(j) + 6*v(j). Calculate i(6).
-5
Let i be (-3)/3*(3 - 1). Let m(a) = a**3 - 2. Let l be m(2). Let h(u) = -5*u + 7. Let p(z) = -14*z + 20. Let x(c) = l*p(c) - 17*h(c). Determine x(i).
-1
Let p(h) = 3*h**3 - 5*h**2 + h + 3. Let d = -5 - -8. Let k(a) = 2*a**3 - 5*a**2 + a + 3. Let y(j) = d*p(j) - 4*k(j). Determine y(-5).
2
Let s(u) be the first derivative of -u**7/280 - u**5/120 + u**3 - 8. Let a(x) be the third derivative of s(x). Determine a(1).
-4
Let u = -26 - -19. Let f(y) = -y**2 - 7*y - 3. Determine f(u).
-3
Let n(v) = 9 - v - 4 + 1 - v. Suppose -65 = -7*f + 2*f. Suppose -33 = -4*u - f. What is n(u)?
-4
Let g(p) = p**3 + 7*p**2 + 6*p + 5. Let x be 95/(-6) - 3/18. Let u be 8 + ((-6)/(-1))/3. Let o = x + u. Determine g(o).
5
Let i(n) = -1 + 6*n**2 + n - 14*n**2 + 5*n**2 + n**3. Give i(2).
-3
Let z = -2 + 6. Let v(g) = -z*g**2 - 5 - 6*g + 3*g**2 + 2. What is v(-4)?
5
Let c(o) = -o + 7. Let r(z) = -2*z - 9. Let w be r(-6). Give c(w).
4
Let v(a) = a**3 - 2*a**2 - 5*a + 2. Suppose 5*k - 3*n + 7*n = 42, -33 = -5*k - n. Let u(x) = -x**2 + 8*x - 9. Let s be u(k). What is v(s)?
-4
Let v(t) = t + 1. Let j = -17 + 15. Give v(j).
-1
Let j(n) = -2*n + 7. Let g(l) = -l**3 + 8*l**2 + 4*l - 12. Let k be g(8). Suppose 4*p = k, -o - p + 5*p = 15. Suppose 0*r + o = r. Give j(r).
-3
Let h(b) be the second derivative of -b**3/6 + b**2/2 + 2*b. Let z(o) = o**2 + 3*o - 2. Let j(d) = -2*h(d) - z(d). Suppose -3*s = -8*s. What is j(s)?
0
Let w = -29/6 + 5. Let h(g) be the third derivative of -g**3 + g**2 - 1/15*g**5 + 0*g + 0 + 1/120*g**6 - w*g**4. Give h(5).
-1
Let x = 0 - -2. Suppose x*d - 8 = 2*t, 28 - 4 = -3*t - d. Let k(s) = s**2 + 6*s - 7. Give k(t).
0
Suppose -2*z + 5 = 2*z + 3*i, -i = -3*z + 7. Let h be (-8 - -3)*(1 - z). Suppose h*l = 2*r - 10, -4*l - 7 - 1 = r. Let n(s) = s**2 - 2. Calculate n(r).
-2
Let x = 6 + -2. Let u(h) be the second derivative of -h**4/12 + 5*h**3/6 - h. Let v be u(x). Let i(c) = c**3 - 4*c**2 + 2*c - 4. Give i(v).
4
Let u(p) = 3*p**3 - p**2. Let i = 0 - 1. Let y be u(i). Let j = 8 + y. Let z(f) = f - 4. What is z(j)?
0
Let i(j) = -2*j**2 - 3*j - 1. Suppose -3*k + k = 6. Calculate i(k).
-10
Let u be (-4)/(-22) + (-18)/(-22). Let x(w) = 6*w. Calculate x(u).
6
Let j(b) = -b**2 + 6*b - 5. Let l be j(4). Let s(c) be the second derivative of -2/3*c**3 + c**2 + 1/12*c**4 + 0 + c. Calculate s(l).
-1
Let o(p) = p**3 - 6*p**2 + p - 7. Let i(c) = c**3 + 3*c**2 - 7*c - 6. Let n be (-2)/(-9) + (-228)/54. Let q be i(n). What is o(q)?
-1
Let m(r) be the third derivative of r**4/8 + r**3/6 + 12*r**2. What is m(-1)?
-2
Let q(i) be the third derivative of -i**6/360 - i**5/24 - 5*i**4/24 + i**3/6 + i**2. Let j(r) be the first derivative of q(r). Calculate j(-5).
-5
Let l(c) = -c**3 + 3*c**2 + c - 2. Let u be -4 + 6 + (-5 - -1). Give l(u).
16
Let l(o) = 4*o**2 + o. Let j(k) = -k - 1. Let x be j(0). What is l(x)?
3
Let v(w) be the second derivative of -w**3/6 - w**2/2 - 5*w. Calculate v(6).
-7
Let i(o) = -8*o - 1. Suppose 5*p + 3*g - 2 = -10, 2*g - 3 = 5*p. Calculate i(p).
7
Let n(s) be the third derivative of -s**6/120 - s**5/60 - s**4/24 + s**3/6 - 9*s**2. Determine n(2).
-13
Let m(j) = j**3 + 4*j**2 - 2*j - 2. Let s = 3 + -7. What is m(s)?
6
Let p(u) = -u**2 - 4*u - 3. Let i be p(-2). Let v(o) = -9*o**3 - o**2 + 1. Give v(i).
-9
Let v(i) be the second derivative of -5*i**3/6 + 3*i**2/2 + 12*i. Suppose -3*h - h = -8. Give v(h).
-7
Let r(b) be the first derivative of -b**4/24 - b**3/6 - b**2 - 4. Let g(o) be the second derivative of r(o). Let k = 3 - 1. Give g(k).
-3
Let w(u) = 4*u - 1. Let h(t) = -7*t + 2. Let x(s) = 2*h(s) + 5*w(s). Let m = -128 + 130. Calculate x(m).
11
Let p = -11 - -5. Let r = 11 + p. Let z(m) = -8*m + 3*m + 5*m - m. Determine z(r).
-5
Let f be 12/30 - 2/5. Let c(x) be the second derivative of -x**5/60 - x**3/2 - x**2/2 + 2*x. Let i(r) be the first derivative of c(r). What is i(f)?
-3
Let z be (-3)/18*-3*2. Let d(g) be the first derivative of 1/4*g**4 - z + 0*g**3 - 2*g + 1/2*g**2. Give d(2).
8
Let d(x) be the third derivative of -x**6/120 + x**5/60 + x**4/24 + 2*x**3/3 - 3*x**2. Determine d(0).
4
Let c(x) = x**3 + 4*x**2 - 2*x - 5. Let w(s) = s**2 - 2*s - 1. Let l be w(3). Suppose -l*q - 12 = q. Give c(q).
3
Let t(d) = -d**2 - d. Let z(q) = -q**2 + q. Suppose 0 = -5*j + 2 + 8. Let m be z(j). What is t(m)?
-2
Let n(k) = -9*k**2 - k. Let q(y) = 3*y + 6. Let a be q(8). Suppose -4*c - b = -1, 0 = 2*c - 4*b + a - 8. Calculate n(c).
-8
Let u = -29 + 27. Let x(h) = 3*h**3 + 2*h**2 - 2*h. Determine x(u).
-12
Let o(h) = 4 + 0*h - h**2 + 0 + h + 5*h. Let j be o(6). Let c(g) = j*g + g**2 + 7*g - 3*g + 5. What is c(-5)?
-10
Let j = 9 - 5. Let b(n) be the second derivative of n**6/360 - n**5/20 + n**4/12 + 3*n. Let h(t) be the third derivative of b(t). Give h(j).
2
Suppose -3*t = -y - 7, -3*y = -0*y + 4*t - 18. Suppose 30 = 3*f + y*f. Let r = -11 + f. Let s(b) = b**2 + 5*b - 2. Determine s(r).
-2
Let p(t) = -t - 5. Suppose -3*l + 16 = 28. Determine p(l).
-1
Let n(m) = -5*m**3 + 2*m**2 + m. Let h be -1 - -4 - (-8)/(-2). Let w(k) = -2*k**2 + 2*k**2 - k**2. Let d be w(h). Determine n(d).
6
Let t(p) = -4*p + 2. Suppose n - 3*n = -a + 5, n - 11 = -4*a. Calculate t(a).
-10
Let q(y) = -y - 7. Suppose 3*c - c + 16 = 0. Calculate q(c).
1
Suppose -3*z = -5*a - 0*a + 18, -5*z + 2*a - 30 = 0. Let d(v) = -v**2 - 7*v - 6. Calculate d(z).
0
Let q(o) = 2*o**2 - 4*o + 1. Let l = -18 - -27. Suppose 4*f = -3*m - l + 18, -7 = -2*f + m. What is q(f)?
7
Let y(h) = h**2 + 8*h + 7. Let g be y(-7). Let u = 3 - g. Let x(i) = u*i - 3 - 4 + 4. Determine x(2).
3
Suppose 5*u = 3*s - 16, 1 = -u + 5*s - 11. Let r(q) = 0 - 2*q + 3*q**2 + 2 - 3. Give r(u).
15
Let z(l) = -l**2 + l - 3. Suppose 2*d - 7 = -1, -3*n - d = -3. Give z(n).
-3
Let v(d) be the second derivative of -d**3/6 + d**2 + d - 9. Determine v(-4).
6
Let z(u) = -u**2 + 4*u. Suppose 3*x - 9 = 4*q, 0 = 3*x - 4*x + 4*q - 5. Let b = x + -2. What is z(b)?
-5
Let a(o) = -5*o**2 + 4*o**2 + 165 - 175. Give a(0).
-10
Let j(f) = -f**2 - 4*f + 3. Let h be (3/(-7))/(3/(-21)). Let c be ((-10)/h)/(10/15). What is j(c)?
-2
Let s(q) be the second derivative of q**3/6 + 5*q**2/2 + q - 11. Calculate s(-10).
-5
Suppose 5*r + 4*h + 0 = -1, -2*r - 14 = 5*h. Let x(t) = t - 1. Determine x(r).
2
Let j(o) = o + 2. Suppose -4*q + 20 = q. Let a be 32/6*6/q. Let s = 5 - a. Determine j(s).
-1
Let i(q) = 2*q + 13 - 15 + 8 + 5. Determine i(-7).
-3
Let d(q) be the third derivative of -q**6/120 + q**5/15 + q**4/24 + q**3/3 - 2*q**2 + 4. What is d(4)?
6
Let r be 2*(10/4 - 2). Let l be (r + 2 + 1)*-1. Let m(v) = -v**3 - 3*v**2 + 6*v + 3. Calculate m(l).
-5
Let w(l) be the third derivative of 5/24*l**4 - 3*l**2 + 0*l - 5/6*l**3 + 0. Let k(r) = -2*r + 3. Let i(u) = -7*k(u) - 4*w(u). What is i(1)?
-7
Let c(k) = 4*k + 6 - 3*k + 3*k - 3*k. Determine c(-6).
0
Let x(j) = 4*j**2 + 1. Suppose n + 2*c - 5 + 2 = 0, 5*n - 5 = -5*c. Calculate x(n).
5
Suppose 3*n + 3*u + 24 = 0, -8*n - 3*u - 34 = -3*n. Let d(t) = -t**3 - 6*t**2 - 6*t - 4. Calculate d(n).
1
Suppose 0 = -p - 0 - 4. Let q(o) be the first derivative of o**2 + 6*o - 8. Determine q(p).
-2
Let r(h) = 6*h**2 + 7*h - 1. Let y(q) = 5*q**2 + 6*q - 1. Let a(c) = 4*r(c) - 5*y(c). Let v be (2 - 1)/((-3)/12). Calculate a(v).
-7
Let b(w) = -3. Let r = -3 + -2. Let g(i) = -i + 5. Let h(n) = r*b(n) - 2*g(n). Calculate h(-5).
-5
Let c(z) = -2*z + 3. Let r(o) = o**2 - 5*o + 7. Let f(j) = 5*c(j) - 2*r(j). Suppose 1 = -d - 1. Give f(d).
-7
Let y = 7 - 5. Let f(x) = -6*x - 2. Give f(y).
-14
Suppose 5*d + 5 = -5*g - 0, -3*d = -4*g + 31. Suppose -p + 6*p - 30 = 0. Let q(j) = -5*j**2 - p + 3*j**2 + 3*j + 3*j**2 + 0*j**2. Calculate q(d).
4
Let l(t) = 7*t + 9. Let m(s) = -3*s - 5. Let k(a) = 4*l(a) + 7*m(a). G